{"id":1933,"date":"2025-07-31T22:59:08","date_gmt":"2025-07-31T20:59:08","guid":{"rendered":"https:\/\/wwwneu.strehle.de\/tim\/?page_id=1933"},"modified":"2025-08-01T14:41:18","modified_gmt":"2025-08-01T12:41:18","slug":"iran-1995","status":"publish","type":"page","link":"https:\/\/www.strehle.de\/tim\/iran-1995\/","title":{"rendered":"Photos from Iran in 1995"},"content":{"rendered":"\n<h1 class=\"wp-block-heading\">Photos from Iran in 1995<\/h1>\n\n\n\n<figure class=\"wp-block-image alignwide\"><img decoding=\"async\" src=\"https:\/\/s3.eu-central-1.amazonaws.com\/files.strehle.de\/tim\/iran-1995\/iran-1995-on-the-road-background.jpg\" alt=\"\"\/><\/figure>\n\n\n\n<p>Back in the nineties, friends invited me to visit them in\u00a0<a href=\"https:\/\/en.wikipedia.org\/wiki\/Iran\">Iran (\u0627\u06cc\u0631\u0627\u0646)<\/a>. In September 1995, I spent four weeks with them, meeting wonderful people, and being amazed at the country\u2019s beautiful scenery and landmarks. (No sympathy for the government, of course!)<\/p>\n\n\n\n<p>Here\u2019s a few of my photos. For much nicer images, follow the Wikipedia links!<\/p>\n\n\n\n<hr class=\"wp-block-separator has-alpha-channel-opacity is-style-wide\" style=\"margin-top:var(--wp--preset--spacing--40);margin-bottom:var(--wp--preset--spacing--40)\"\/>\n\n\n\n<h2 class=\"wp-block-heading\">On the road<\/h2>\n\n\n\n<figure class=\"wp-block-image alignwide\"><img decoding=\"async\" src=\"https:\/\/s3.eu-central-1.amazonaws.com\/files.strehle.de\/tim\/iran-1995\/iran-1995-on-the-road-desert.jpg\" alt=\"\"\/><figcaption class=\"wp-element-caption\">A highway along the desert<\/figcaption><\/figure>\n\n\n\n<figure class=\"wp-block-image alignwide size-large\"><img decoding=\"async\" src=\"https:\/\/s3.eu-central-1.amazonaws.com\/files.strehle.de\/tim\/iran-1995\/iran-1995-on-the-road-gas-station.jpg\" alt=\"\"\/><figcaption class=\"wp-element-caption\">A gas station in the middle of nowhere<\/figcaption><\/figure>\n\n\n\n<figure class=\"wp-block-image alignwide size-large\"><img decoding=\"async\" src=\"https:\/\/s3.eu-central-1.amazonaws.com\/files.strehle.de\/tim\/iran-1995\/iran-1995-on-the-road-market.jpg\" alt=\"\"\/><figcaption class=\"wp-element-caption\">A small market<\/figcaption><\/figure>\n\n\n\n<figure class=\"wp-block-image alignwide size-large\"><img decoding=\"async\" src=\"https:\/\/s3.eu-central-1.amazonaws.com\/files.strehle.de\/tim\/iran-1995\/iran-1995-on-the-road-green.jpg\" alt=\"\"\/><figcaption class=\"wp-element-caption\">Green is a rare color\u2026<\/figcaption><\/figure>\n\n\n\n<figure class=\"wp-block-image alignwide size-large\"><img decoding=\"async\" src=\"https:\/\/s3.eu-central-1.amazonaws.com\/files.strehle.de\/tim\/iran-1995\/iran-1995-on-the-road-mountains.jpg\" alt=\"\"\/><figcaption class=\"wp-element-caption\">\u2026 but mountains come in all shapes and colors<\/figcaption><\/figure>\n\n\n\n<figure class=\"wp-block-image alignwide size-large\"><img decoding=\"async\" src=\"https:\/\/s3.eu-central-1.amazonaws.com\/files.strehle.de\/tim\/iran-1995\/iran-1995-on-the-road-sunset.jpg\" alt=\"\"\/><figcaption class=\"wp-element-caption\">Sunset<\/figcaption><\/figure>\n\n\n\n<hr class=\"wp-block-separator has-alpha-channel-opacity is-style-wide\" style=\"margin-top:var(--wp--preset--spacing--40);margin-bottom:var(--wp--preset--spacing--40)\"\/>\n\n\n\n<h2 class=\"wp-block-heading\">Tehran (\u062a\u0647\u0631\u0627\u0646)<\/h2>\n\n\n\n<p>I didn\u2019t take a lot of pictures in&nbsp;<a href=\"https:\/\/en.wikipedia.org\/wiki\/Tehran\">Tehran (\u062a\u0647\u0631\u0627\u0646)<\/a>. The traffic and sheer size of the capital are impressive. But there\u2019s also beauty in the parks and mountains.<\/p>\n\n\n\n<figure class=\"wp-block-image alignwide size-large\"><img decoding=\"async\" src=\"https:\/\/s3.eu-central-1.amazonaws.com\/files.strehle.de\/tim\/iran-1995\/iran-1995-tehran-traffic.jpg\" alt=\"\"\/><figcaption class=\"wp-element-caption\">Traffic<\/figcaption><\/figure>\n\n\n\n<figure class=\"wp-block-image size-large\"><img decoding=\"async\" src=\"https:\/\/s3.eu-central-1.amazonaws.com\/files.strehle.de\/tim\/iran-1995\/iran-1995-tehran-bazaar.jpg\" alt=\"\"\/><figcaption class=\"wp-element-caption\">In a small bazaar<\/figcaption><\/figure>\n\n\n\n<figure class=\"wp-block-image size-large\"><img decoding=\"async\" src=\"https:\/\/s3.eu-central-1.amazonaws.com\/files.strehle.de\/tim\/iran-1995\/iran-1995-tehran-cemetery.jpg\" alt=\"\"\/><figcaption class=\"wp-element-caption\">At a cemetery<\/figcaption><\/figure>\n\n\n\n<figure class=\"wp-block-image alignwide size-large\"><img decoding=\"async\" src=\"https:\/\/s3.eu-central-1.amazonaws.com\/files.strehle.de\/tim\/iran-1995\/iran-1995-tehran-azadi-square-2.jpg\" alt=\"\"\/><figcaption class=\"wp-element-caption\"><a href=\"https:\/\/en.wikipedia.org\/wiki\/Azadi_Square\">Azadi Square (\u0645\u06cc\u062f\u0627\u0646 \u0622\u0632\u0627\u062f\u06cc)<\/a><\/figcaption><\/figure>\n\n\n\n<figure class=\"wp-block-image size-large\"><img decoding=\"async\" src=\"https:\/\/s3.eu-central-1.amazonaws.com\/files.strehle.de\/tim\/iran-1995\/iran-1995-tehran-azadi-square-1.jpg\" alt=\"\"\/><figcaption class=\"wp-element-caption\">Sunset on Azadi Square<\/figcaption><\/figure>\n\n\n\n<hr class=\"wp-block-separator has-alpha-channel-opacity is-style-wide\" style=\"margin-top:var(--wp--preset--spacing--40);margin-bottom:var(--wp--preset--spacing--40)\"\/>\n\n\n\n<h2 class=\"wp-block-heading\">Isfahan (\u0627\u0635\u0641\u0647\u0627\u0646)<\/h2>\n\n\n\n<p>There\u2019s lots of phenomenal \u201ctourist attractions\u201d in&nbsp;<a href=\"https:\/\/en.wikipedia.org\/wiki\/Isfahan\">Isfahan \/ Esfahan (\u0627\u0635\u0641\u0647\u0627\u0646)<\/a>, a city that\u2019s been world famous even back in the Middle Ages. I loved the city\u2019s&nbsp;<a href=\"https:\/\/www.tripadvisor.com\/Attractions-g295423-Activities-c47-t5-Isfahan_Isfahan_Province.html\">bridges<\/a>&nbsp;at night, but unfortunately failed to take a good photo of them.<\/p>\n\n\n\n<figure class=\"wp-block-image alignwide size-large\"><img decoding=\"async\" src=\"https:\/\/s3.eu-central-1.amazonaws.com\/files.strehle.de\/tim\/iran-1995\/iran-1995-isfahan-naqsh-e-jahan.jpg\" alt=\"\"\/><figcaption class=\"wp-element-caption\">The giant&nbsp;<a href=\"https:\/\/en.wikipedia.org\/wiki\/Naqsh-e_Jahan_Square\">Naqsh-e Jahan Square (\u0645\u06cc\u062f\u0627\u0646 \u0646\u0642\u0634 \u062c\u0647\u0627\u0646)<\/a>, with the&nbsp;<a href=\"https:\/\/en.wikipedia.org\/wiki\/Shah_Mosque_(Isfahan)\">Shah Mosque (\u0645\u0633\u062c\u062f \u0627\u0645\u0627\u0645)<\/a>&nbsp;to the left and the&nbsp;<a href=\"https:\/\/en.wikipedia.org\/wiki\/%C4%80l%C4%AB_Q%C4%81p%C5%AB\">\u0100l\u012b Q\u0101p\u016b (\u0639\u0627\u0644\u06cc\u200c \u0642\u0627\u067e\u0648)<\/a>&nbsp;palace to the right<\/figcaption><\/figure>\n\n\n\n<figure class=\"wp-block-image alignwide size-large\"><img decoding=\"async\" src=\"https:\/\/s3.eu-central-1.amazonaws.com\/files.strehle.de\/tim\/iran-1995\/iran-1995-isfahan-shah-mosque.jpg\" alt=\"\"\/><figcaption class=\"wp-element-caption\">Inside the&nbsp;<a href=\"https:\/\/en.wikipedia.org\/wiki\/Shah_Mosque_(Isfahan)\">Shah Mosque (\u0645\u0633\u062c\u062f \u0627\u0645\u0627\u0645)<\/a><\/figcaption><\/figure>\n\n\n\n<figure class=\"wp-block-image size-large\"><img decoding=\"async\" src=\"https:\/\/s3.eu-central-1.amazonaws.com\/files.strehle.de\/tim\/iran-1995\/iran-1995-isfahan-shah-mosque-detail.jpg\" alt=\"\"\/><figcaption class=\"wp-element-caption\">Another view from within the Shah Mosque<\/figcaption><\/figure>\n\n\n\n<figure class=\"wp-block-image size-large\"><img decoding=\"async\" src=\"https:\/\/s3.eu-central-1.amazonaws.com\/files.strehle.de\/tim\/iran-1995\/iran-1995-isfahan-chehel-sotoun-outlook.jpg\" alt=\"\"\/><figcaption class=\"wp-element-caption\">Looking out of Chehel Sotoun<\/figcaption><\/figure>\n\n\n\n<figure class=\"wp-block-image alignwide size-large\"><img decoding=\"async\" src=\"https:\/\/s3.eu-central-1.amazonaws.com\/files.strehle.de\/tim\/iran-1995\/iran-1995-isfahan-chehel-sotoun.jpg\" alt=\"\"\/><figcaption class=\"wp-element-caption\">The&nbsp;<a href=\"https:\/\/en.wikipedia.org\/wiki\/Chehel_Sotoun\">Chehel Sotoun (\u0686\u0647\u0644 \u0633\u062a\u0648\u0646\u200e)<\/a>&nbsp;pavilion<\/figcaption><\/figure>\n\n\n\n<figure class=\"wp-block-image size-large\"><img decoding=\"async\" src=\"https:\/\/s3.eu-central-1.amazonaws.com\/files.strehle.de\/tim\/iran-1995\/iran-1995-isfahan-menar-jonban.jpg\" alt=\"\"\/><figcaption class=\"wp-element-caption\">The \u201cshaking minarets\u201d,&nbsp;<a href=\"https:\/\/en.wikipedia.org\/wiki\/Menar_Jonban\">Menar Jonban (\u0645\u0646\u0627\u0631 \u062c\u0646\u0628\u0627\u0646)<\/a><\/figcaption><\/figure>\n\n\n\n<figure class=\"wp-block-image size-large\"><img decoding=\"async\" src=\"https:\/\/s3.eu-central-1.amazonaws.com\/files.strehle.de\/tim\/iran-1995\/iran-1995-isfahan-menar-jonban-detail.jpg\" alt=\"\"\/><figcaption class=\"wp-element-caption\">One of the \u201cshaking minarets\u201d<\/figcaption><\/figure>\n\n\n\n<figure class=\"wp-block-image alignwide size-large\"><img decoding=\"async\" src=\"https:\/\/s3.eu-central-1.amazonaws.com\/files.strehle.de\/tim\/iran-1995\/iran-1995-isfahan-vank-cathedral.jpg\" alt=\"\"\/><figcaption class=\"wp-element-caption\">The Armenian&nbsp;<a href=\"https:\/\/en.wikipedia.org\/wiki\/Vank_Cathedral\">Vank Cathedral (\u06a9\u0644\u06cc\u0633\u0627\u06cc \u0648\u0627\u0646\u06a9)<\/a><\/figcaption><\/figure>\n\n\n\n<hr class=\"wp-block-separator has-alpha-channel-opacity is-style-wide\" style=\"margin-top:var(--wp--preset--spacing--40);margin-bottom:var(--wp--preset--spacing--40)\"\/>\n\n\n\n<h2 class=\"wp-block-heading\">Shiraz (\u0634\u06cc\u0631\u0627\u0632\u200e) and Persepolis (\u062a\u062e\u062a \u062c\u0645\u0634\u06cc\u062f)<\/h2>\n\n\n\n<p><a href=\"https:\/\/en.wikipedia.org\/wiki\/Shiraz\">Shiraz (\u0634\u06cc\u0631\u0627\u0632\u200e)<\/a>&nbsp;is another city with a rich history and beautiful places. Not far from Shiraz is <a href=\"https:\/\/en.wikipedia.org\/wiki\/Persepolis\">Persepolis (\u062a\u062e\u062a \u062c\u0645\u0634\u06cc\u062f)<\/a>, a historical site built 2,500 years ago.<\/p>\n\n\n\n<figure class=\"wp-block-image alignwide size-large\"><img decoding=\"async\" src=\"https:\/\/s3.eu-central-1.amazonaws.com\/files.strehle.de\/tim\/iran-1995\/iran-1995-shiraz-eram-garden.jpg\" alt=\"\"\/><figcaption class=\"wp-element-caption\"><a href=\"https:\/\/en.wikipedia.org\/wiki\/Eram_Garden\">Eram Garden (\u0628\u0627\u063a \u0627\u0631\u0645)<\/a>&nbsp;with&nbsp;<a href=\"https:\/\/en.wikipedia.org\/wiki\/Qavam_House\">Qavam House<\/a><\/figcaption><\/figure>\n\n\n\n<figure class=\"wp-block-image alignwide size-large\"><img decoding=\"async\" src=\"https:\/\/s3.eu-central-1.amazonaws.com\/files.strehle.de\/tim\/iran-1995\/iran-1995-shiraz-watering-place.jpg\" alt=\"\"\/><figcaption class=\"wp-element-caption\">A former watering place for camels<\/figcaption><\/figure>\n\n\n\n<figure class=\"wp-block-image size-large\"><img decoding=\"async\" src=\"https:\/\/s3.eu-central-1.amazonaws.com\/files.strehle.de\/tim\/iran-1995\/iran-1995-shiraz-hafez-tomb.jpg\" alt=\"\"\/><figcaption class=\"wp-element-caption\">The&nbsp;<a href=\"https:\/\/en.wikipedia.org\/wiki\/Tomb_of_Hafez\">Tomb of Hafez (H\u0101fezieh, \u062d\u0627\u0641\u0638\u06cc\u0647)<\/a><\/figcaption><\/figure>\n\n\n\n<figure class=\"wp-block-image size-large\"><img decoding=\"async\" src=\"https:\/\/s3.eu-central-1.amazonaws.com\/files.strehle.de\/tim\/iran-1995\/iran-1995-shiraz-hafez-tomb-detail.jpg\" alt=\"\"\/><figcaption class=\"wp-element-caption\">The ceiling of the Tomb of Hafez<\/figcaption><\/figure>\n\n\n\n<figure class=\"wp-block-image alignwide size-large\"><img decoding=\"async\" src=\"https:\/\/s3.eu-central-1.amazonaws.com\/files.strehle.de\/tim\/iran-1995\/iran-1995-shiraz-persepolis-stairs.jpg\" alt=\"\"\/><figcaption class=\"wp-element-caption\">A stairway in&nbsp;<a href=\"https:\/\/en.wikipedia.org\/wiki\/Persepolis\">Persepolis (\u062a\u062e\u062a \u062c\u0645\u0634\u06cc\u062f)<\/a><\/figcaption><\/figure>\n\n\n\n<figure class=\"wp-block-image size-large\"><img decoding=\"async\" src=\"https:\/\/s3.eu-central-1.amazonaws.com\/files.strehle.de\/tim\/iran-1995\/iran-1995-shiraz-persepolis-gate.jpg\" alt=\"\"\/><figcaption class=\"wp-element-caption\">A gate in Persepolis<\/figcaption><\/figure>\n\n\n\n<figure class=\"wp-block-image size-large\"><img decoding=\"async\" src=\"https:\/\/s3.eu-central-1.amazonaws.com\/files.strehle.de\/tim\/iran-1995\/iran-1995-shiraz-persepolis-detail.jpg\" alt=\"\"\/><figcaption class=\"wp-element-caption\">Persepolis detail<\/figcaption><\/figure>\n\n\n\n<figure class=\"wp-block-image alignwide size-large\"><img decoding=\"async\" src=\"https:\/\/s3.eu-central-1.amazonaws.com\/files.strehle.de\/tim\/iran-1995\/iran-1995-shiraz-naqsh-e-rustam.jpg\" alt=\"\"\/><figcaption class=\"wp-element-caption\"><a href=\"https:\/\/en.wikipedia.org\/wiki\/Naqsh-e_Rustam\">Naqsh-e Rustam (\u0646\u0642\u0634 \u0631\u0633\u062a\u0645)<\/a>, near Persepolis<\/figcaption><\/figure>\n","protected":false},"excerpt":{"rendered":"<p>Photos from Iran in 1995 Back in the nineties, friends invited me to visit them in\u00a0Iran (\u0627\u06cc\u0631\u0627\u0646). In September 1995, I spent four weeks with them, meeting wonderful people, and being amazed at the country\u2019s beautiful scenery and landmarks. (No sympathy for the government, of course!) Here\u2019s a few of my photos. For much nicer [&hellip;]<\/p>\n","protected":false},"author":1,"featured_media":0,"parent":0,"menu_order":0,"comment_status":"closed","ping_status":"closed","template":"page-no-title","meta":{"footnotes":""},"class_list":["post-1933","page","type-page","status-publish","hentry"],"_links":{"self":[{"href":"https:\/\/www.strehle.de\/tim\/wp-json\/wp\/v2\/pages\/1933","targetHints":{"allow":["GET"]}}],"collection":[{"href":"https:\/\/www.strehle.de\/tim\/wp-json\/wp\/v2\/pages"}],"about":[{"href":"https:\/\/www.strehle.de\/tim\/wp-json\/wp\/v2\/types\/page"}],"author":[{"embeddable":true,"href":"https:\/\/www.strehle.de\/tim\/wp-json\/wp\/v2\/users\/1"}],"replies":[{"embeddable":true,"href":"https:\/\/www.strehle.de\/tim\/wp-json\/wp\/v2\/comments?post=1933"}],"version-history":[{"count":12,"href":"https:\/\/www.strehle.de\/tim\/wp-json\/wp\/v2\/pages\/1933\/revisions"}],"predecessor-version":[{"id":1949,"href":"https:\/\/www.strehle.de\/tim\/wp-json\/wp\/v2\/pages\/1933\/revisions\/1949"}],"wp:attachment":[{"href":"https:\/\/www.strehle.de\/tim\/wp-json\/wp\/v2\/media?parent=1933"}],"curies":[{"name":"wp","href":"https:\/\/api.w.org\/{rel}","templated":true}]}}